 n = 153 - 58. Calculate the greatest common divisor of j and n.
19
Let u(h) = -h - 1. Let l(t) = 13*t - 1. Let a(b) = l(b) + 2*u(b). Let v be a(2). Calculate the highest common factor of v and 19.
19
Suppose -3*v + 0*h + 1309 = -h, 0 = v + h - 439. Let n = 671 - v. What is the highest common factor of n and 26?
26
Let t be (-130)/(-4) - (-9)/(-18). Suppose -36 = 2*f - 140. Let m = f - t. Calculate the greatest common factor of m and 5.
5
Let p(u) = -2*u**3 - 4*u**2 - 3*u - 2. Let i be p(-2). Suppose 12*l - 13*l = 146. Let o = -102 - l. What is the greatest common divisor of i and o?
4
Let c = -4 + -44. Let n = c - -144. What is the greatest common divisor of 12 and n?
12
Suppose -13*q - 241 = -891. Calculate the greatest common divisor of q and 50.
50
Suppose 3*z = -12, 0*j = -4*j - 2*z + 196. Let s = -12 - -471. Calculate the greatest common divisor of j and s.
51
Let z = 3 + -4. Let v be (-1)/(((-1)/(-8))/z). Let j = 11 + -10. Calculate the highest common factor of v and j.
1
Let o(x) = -x**2 + 33*x - 100. Let q be o(29). What is the highest common divisor of 24 and q?
8
Suppose 0 = -172*j + 176*j - 3332. What is the highest common divisor of j and 49?
49
Let q = -16 - -16. Suppose -4*o + 23 - 3 = q. Suppose -5*b + o - 34 = -t, 2*t - 28 = 4*b. Calculate the highest common divisor of t and 16.
4
Let s be (-3)/(-2)*8*1. Let a = 3539 + -1523. Suppose -9*q = -33*q + a. What is the greatest common divisor of q and s?
12
Let h(z) be the third derivative of -5*z**4/8 - z**3/6 - z**2. Let l be h(-1). Calculate the greatest common factor of l and 98.
14
Suppose -4*z + 2 = -3*z, -235 = -3*r + 4*z. What is the greatest common factor of r and 18?
9
Let l = 916 + -739. Calculate the greatest common factor of l and 236.
59
Suppose -3*z - 5*s = 4, -z - 2*s + 7*s = -12. Suppose 0 = z*v - v - 6. What is the greatest common divisor of v and 6?
6
Let a(z) = 9*z + 0 + 9 - 2*z + 2*z**2. Let g be a(-5). Calculate the highest common factor of 12 and g.
12
Let s(g) = -g**2 - 13*g. Let z be s(-12). Let h(o) = -25*o + 7. Let a be h(7). Let k = 276 + a. Calculate the greatest common divisor of z and k.
12
Suppose -3*c = -10*c + 21. Suppose -4*f = 5*b - 5 + 1, 0 = 3*b. What is the highest common divisor of f and c?
1
Let f = 23665 + -23593. Suppose 2*y = 21 + 15. What is the greatest common factor of f and y?
18
Suppose 6*p - 68 = -11*p. Suppose 2*b - 33 - 55 = 0. Calculate the highest common divisor of b and p.
4
Suppose -2*v = -2*b - 0*v + 136, -3*b + 203 = -4*v. What is the greatest common divisor of 621 and b?
69
Let s be (108/(-63))/((-27)/(-28) + -1). What is the greatest common factor of s and 300?
12
Let m(a) = -a - 6. Let l be m(-4). Let z be 16/l*20/(-16). Let c = -127 + 137. Calculate the highest common factor of c and z.
10
Let g be 4*4/8 + -4. Let j be g/(-4) + 147/(-6). Let r = 3 - j. Calculate the highest common factor of r and 18.
9
Suppose 2*f + 161 = -5*m + 699, 4*m + f = 431. What is the greatest common divisor of 54 and m?
54
Let c be (-2648)/(-3) - (-24)/(-36) - 0. Calculate the greatest common factor of c and 49.
49
Let j(c) = -43*c + 760. Let m be j(17). Let a(p) = -28*p**3 + p**2. Let y be a(-1). Calculate the greatest common factor of m and y.
29
Let q be (17 - 2) + (-3 - 0). Let h be (-3 + 0 + 2)*-19. Suppose -54 = -22*o + h*o. Calculate the highest common divisor of q and o.
6
Let q = -37 + -54. Let n = -389 + 29. Let x be (-14)/q - n/26. What is the highest common divisor of x and 154?
14
Let s be ((-3)/(-18) - 190/24)/((-180)/720). Let l = -380 + 628. Calculate the greatest common factor of l and s.
31
Suppose -2*j + 0*o + 24 = -4*o, 2*j - 5*o = 29. Suppose 4*n - 6 + j = 0. Calculate the greatest common divisor of 2 and n.
1
Let x = 800 - 752. What is the highest common divisor of 80 and x?
16
Suppose -2*l - 106 + 666 = 0. Suppose -4*d + l = d. What is the highest common factor of 8 and d?
8
Suppose 0 = -2*k + 3 + 7. Suppose -10*i + 3*v + 44 = -8*i, 19 = i - 3*v. Calculate the highest common divisor of i and k.
5
Let r be -10*(-4)/(-24)*-3. Suppose -n + s = 4*n - 1, -2*n + r*s = 18. Suppose 0 = -t + n + 6. What is the highest common divisor of t and 77?
7
Let s be -1 - (-2 - (-1 - 2)). Let n(o) = -8*o + 1. Let y be n(s). Let u = 252 - 133. Calculate the greatest common factor of y and u.
17
Let y(x) = x**2 + 6*x - 1. Let c = 12 - 9. Suppose -s - 15 = -c*d + 4*s, d - 5 = -2*s. Let p be y(d). What is the highest common factor of p and 9?
9
Suppose 3*k + 35 = -5*a + 277, -102 = -2*a + 4*k. Calculate the greatest common factor of a and 28.
7
Let i = -47 + 1026. Calculate the highest common divisor of i and 178.
89
Let l(w) = -3*w**3 - 5*w**2 - 10*w. Let d be l(-3). Calculate the greatest common factor of 88 and d.
22
Let q = 35 - 20. Let u be (0 - -2)*(-750)/(-20). Calculate the greatest common factor of u and q.
15
Let p(g) = -g**3 - g**2 + 27. Let a be p(0). Let t = 159 + 84. Calculate the highest common factor of t and a.
27
Let s be (63 - -175)*(-4)/(-14). Calculate the highest common factor of s and 14.
2
Let s(m) = m - 4. Let n be s(6). Suppose -n = 3*z - 128. Suppose 17*d + 21 = 123. What is the highest common divisor of z and d?
6
Suppose -m = b - 8, 5*b + 4 = 6*b - m. Suppose 38 + 52 = b*h. Calculate the highest common factor of 135 and h.
15
Suppose -56*r = -262 - 7298. Calculate the greatest common factor of r and 351.
27
Suppose -8*c = -10*c + 8. Let z be 7 - (2 - c) - (-1 - -4). Calculate the highest common factor of z and 78.
6
Let r = -117 - -120. Suppose 0 = 4*w + z - 0*z - 184, r*w - 131 = z. Calculate the highest common factor of 9 and w.
9
Suppose -5*j - 24 = -0*f + f, 48 = -2*f - 2*j. Let o(k) = -k**2 - 3*k - 6. Let t be o(-4). Let n = t - f. What is the greatest common divisor of 7 and n?
7
Let x(g) = -7*g + 58. Let t be x(7). What is the highest common factor of t and 81?
9
Suppose -2*q + q - 1504 = -5*n, 1188 = 4*n + 3*q. Suppose 0 = -6*d + 4*d + n. Calculate the greatest common divisor of 60 and d.
30
Let o(m) = -26*m**3 + m**2 - 10*m - 17. Let k be o(-2). What is the highest common divisor of k and 5?
5
Let q(v) = -27*v - 7. Let t be q(-5). Suppose -4*u + 9*u = -4*p + 68, -17 = -2*u - 5*p. What is the greatest common factor of u and t?
16
Suppose -2 = -i + 3*i. Let g be (i - 4)*(-2 + 1). What is the highest common factor of 1 and g?
1
Let t = 3 + -139. Let n = t + 268. Calculate the highest common factor of 33 and n.
33
Let z be ((-9)/(-1))/(-3) + 47. Suppose -3*f - 28 = 2*r, -f + 4*r + r = -2. Let u = f - -12. Calculate the highest common factor of z and u.
4
Let r be (9 - 82/10)*10. Calculate the greatest common factor of r and 632.
8
Let f(l) = -3*l - 6. Suppose x + 5 - 1 = 0. Let n be f(x). Suppose -m = -n*m + 240. Calculate the greatest common divisor of m and 6.
6
Let l be ((-3)/(-4))/((-5)/(-140)). Let b(n) = -20*n + 72. Let w be b(3). What is the highest common divisor of l and w?
3
Suppose 78*o - 3507 = 2109. Calculate the highest common divisor of o and 1344.
24
Suppose 0 = -0*q - q + 44. Let u = -32 + q. Calculate the greatest common divisor of u and 132.
12
Suppose 0 = -0*n - 5*n. Suppose -6*m + 6 = -n. What is the greatest common divisor of 3 and m?
1
Suppose -3*a + 6 = -6. Let s = 14 - a. What is the greatest common factor of 4 and s?
2
Let q = -492 - -1032. What is the greatest common divisor of 160 and q?
20
Let a = -148 + 364. Calculate the greatest common factor of a and 24.
24
Suppose 2*s - 14 = 5*r, 0 = -3*s + 4*r - 3*r + 8. Let j = -19 - -22. Let a be (-3)/(3/(-24)*j). What is the greatest common factor of s and a?
2
Let u be 6/(-21) - 317/(-7). Let x be 20/(-6)*(-2 + 12/15). Suppose 4*a - 15 = 6*n - n, 4*n - x = 0. What is the highest common divisor of a and u?
5
Let v be 42/(-15)*-5 - -2. Calculate the greatest common divisor of 136 and v.
8
Suppose 12*c - 264 = 8*c. Suppose -3*f + 2*n + c = -2*f, 2*f - n = 123. Let s = 2 + 10. Calculate the highest common divisor of s and f.
12
Let z be 1/4 + 30/8. Suppose z*d = -4 - 4. Let w be 3 + 4 + d + -1. What is the highest common divisor of w and 4?
4
Let l = 658 + -185. Let h = l - 298. Calculate the greatest common factor of h and 35.
35
Suppose -3*c - 2*f + 89 = 0, -f = 6*c - 10*c + 104. Calculate the greatest common divisor of c and 27.
27
Suppo